f 29 and 1392.
29
Calculate the highest common divisor of 6 and 81.
3
Calculate the greatest common factor of 1320 and 480.
120
Calculate the greatest common divisor of 6 and 2.
2
What is the highest common divisor of 29354 and 26?
26
What is the highest common divisor of 598 and 414?
46
What is the highest common factor of 1876 and 8?
4
Calculate the highest common divisor of 40 and 328.
8
Calculate the greatest common divisor of 935 and 55.
55
Calculate the highest common divisor of 60 and 6570.
30
Calculate the greatest common divisor of 1197 and 1881.
171
What is the greatest common divisor of 18 and 765?
9
What is the greatest common divisor of 7 and 7420?
7
What is the highest common factor of 38 and 38?
38
What is the greatest common factor of 364 and 896?
28
What is the highest common factor of 147 and 42?
21
What is the highest common factor of 98 and 2?
2
What is the greatest common factor of 208 and 16?
16
Calculate the greatest common divisor of 2332 and 44.
44
What is the greatest common divisor of 168 and 70?
14
What is the greatest common factor of 8164 and 156?
52
What is the highest common divisor of 84 and 777?
21
What is the highest common factor of 20 and 230?
10
What is the highest common divisor of 475 and 57?
19
What is the highest common factor of 20401 and 46?
23
What is the highest common divisor of 23144 and 263?
263
What is the highest common divisor of 147 and 6?
3
What is the highest common factor of 1680 and 20?
20
Calculate the greatest common divisor of 686 and 14.
14
What is the highest common divisor of 180 and 1710?
90
Calculate the highest common factor of 3312 and 46.
46
What is the highest common factor of 98 and 4?
2
What is the highest common divisor of 1162 and 350?
14
Calculate the highest common factor of 1027 and 325.
13
What is the greatest common factor of 5485 and 5?
5
What is the highest common factor of 58 and 7598?
58
What is the greatest common divisor of 217 and 403?
31
Calculate the highest common divisor of 2730 and 45.
15
What is the greatest common divisor of 29 and 1682?
29
What is the highest common divisor of 420 and 4368?
84
Calculate the highest common factor of 66 and 759.
33
Calculate the greatest common factor of 5418 and 126.
126
What is the highest common factor of 4 and 169?
1
What is the greatest common divisor of 119 and 112?
7
What is the highest common divisor of 936 and 54?
18
What is the highest common factor of 144 and 666?
18
What is the highest common factor of 1215 and 90?
45
Calculate the greatest common factor of 21 and 2121.
21
Calculate the greatest common divisor of 22 and 154.
22
What is the highest common divisor of 11 and 19602?
11
What is the highest common factor of 127495 and 43?
43
Calculate the greatest common factor of 44 and 77.
11
Calculate the highest common divisor of 203 and 667.
29
Calculate the highest common divisor of 186 and 11346.
186
What is the highest common factor of 135 and 35?
5
Calculate the greatest common divisor of 19200 and 16.
16
Calculate the highest common divisor of 182 and 84.
14
Calculate the greatest common factor of 15052 and 426.
142
What is the greatest common factor of 3344 and 1881?
209
What is the highest common factor of 1098 and 18?
18
What is the highest common divisor of 21753 and 18?
9
What is the greatest common factor of 72 and 54?
18
Calculate the highest common factor of 13 and 76.
1
What is the greatest common factor of 14681 and 212?
53
What is the highest common divisor of 4842 and 54?
18
Calculate the highest common factor of 855 and 1455.
15
What is the highest common factor of 50 and 225?
25
Calculate the highest common factor of 24 and 1176.
24
Calculate the highest common factor of 650 and 575.
25
Calculate the greatest common factor of 7 and 175.
7
Calculate the greatest common divisor of 340 and 80.
20
Calculate the greatest common factor of 30 and 20.
10
Calculate the highest common divisor of 420 and 13125.
105
Calculate the highest common factor of 21293 and 107.
107
Calculate the greatest common divisor of 3854 and 282.
94
What is the highest common factor of 82 and 13571?
41
Calculate the highest common factor of 4429 and 301.
43
Calculate the greatest common divisor of 596 and 8.
4
Calculate the highest common factor of 3 and 57.
3
What is the highest common divisor of 259 and 4810?
37
What is the highest common factor of 1088 and 408?
136
What is the greatest common divisor of 183 and 44286?
183
Calculate the greatest common divisor of 48 and 132.
12
Calculate the highest common divisor of 93 and 341.
31
Calculate the greatest common divisor of 2480 and 31.
31
Calculate the highest common divisor of 816 and 1776.
48
What is the greatest common divisor of 7553 and 83?
83
Calculate the greatest common divisor of 24 and 12.
12
What is the highest common factor of 3264 and 374?
34
Calculate the highest common divisor of 324 and 48.
12
What is the greatest common divisor of 28 and 812?
28
What is the greatest common divisor of 46 and 207?
23
What is the highest common divisor of 29 and 5191?
29
What is the greatest common divisor of 4 and 97?
1
What is the greatest common factor of 7 and 4529?
7
Calculate the greatest common factor of 7627 and 29.
29
What is the highest common divisor of 5 and 21065?
5
Calculate the highest common factor of 128 and 8.
8
What is the highest common divisor of 441 and 2286?
9
Calculate the greatest common factor of 1 and 2158.
1
What is the greatest common divisor of 612 and 900?
36
Calculate the greatest common divisor of 530 and 960.
10
Calculate the highest common factor of 77 and 44.
11
Calculate the highest common divisor of 9696 and 72.
24
What is the highest common divisor of 320 and 768?
64
Calculate the greatest common factor of 8 and 256.
8
Calculate the highest common divisor of 3186 and 54.
54
Calculate the highest common factor of 18282 and 44.
22
What is the highest common factor of 117 and 17433?
117
Calculate the greatest common divisor of 30 and 510.
30
Calculate the greatest common factor of 125 and 75.
25
Calculate the highest common divisor of 12 and 20.
4
Calculate the highest common factor of 4032 and 160.
32
Calculate the highest common divisor of 48 and 928.
16
What is the highest common factor of 1435 and 35?
35
Calculate the highest common divisor of 6 and 813.
3
What is the highest common divisor of 435 and 609?
87
What is the highest common divisor of 10 and 1305?
5
Calculate the greatest common factor of 14042 and 14.
14
Calculate the highest common divisor of 323 and 680.
17
Calculate the highest common divisor of 418 and 13908.
38
What is the greatest common factor of 352 and 484?
44
What is the highest common divisor of 6205 and 2555?
365
What is the highest common divisor of 629 and 51?
17
What is the highest common divisor of 96 and 2256?
48
Calculate the highest common factor of 101 and 101.
101
What is the highest common factor of 142 and 5893?
71
Calculate the highest common divisor of 7367 and 1529.
139
Calculate the greatest common factor of 1081 and 46.
23
What is the greatest common factor of 182 and 832?
26
Calculate the greatest common divisor of 58703 and 47.
47
What is the highest common divisor of 15 and 25?
5
What is the greatest common factor of 10508 and 74?
74
Calculate the greatest common divisor of 960 and 2560.
320
What is the highest common factor of 16958 and 122?
122
Calculate the greatest common factor of 76 and 646.
38
Calculate the highest common factor of 228 and 108.
12
Calculate the highest common factor of 75 and 30.
15
What is the greatest common divisor of 32 and 2080?
32
Calculate the highest common divisor of 61 and 3904.
61
Calculate the highest common factor of 3480 and 840.
120
Calculate the greatest common divisor of 35 and 2086.
7
What is the greatest common factor of 532 and 868?
28
Calculate the greatest common factor of 139 and 2.
1
Calculate the highest common divisor of 114 and 570.
114
What is the highest common divisor of 945 and 4305?
105
Calculate the greatest common factor of 11730 and 138.
138
Calculate the greatest common divisor of 3021 and 318.
159
What is the greatest common divisor of 6 and 836?
2
What is the highest common divisor of 1365 and 105?
105
What is the greatest com